 composite?
False
Let d = 16 + -27. Let w = -11 - d. Suppose m + 3*m - 636 = w. Is m prime?
False
Let c(m) = 88*m - 13. Suppose 5*h - 25 = 3*o + 15, -4*h = -5*o - 45. Is c(h) composite?
True
Let s = 13 - 11. Suppose s*n = 5*n - 957. Is n prime?
False
Let u(a) = 10*a**3 + 2*a**2 - 1. Let s be u(-1). Let w be s/(-18) + 78/(-4). Is ((-12)/4)/(3/w) prime?
True
Let u(f) = -f**3 - 35*f**2 - 19*f - 112. Is u(-49) a composite number?
True
Is (-253779)/(-348)*(4 - 0)*1 a composite number?
False
Suppose 4*q - 8*q = 16, -5*m + 3*q + 852 = 0. Suppose 5*w - 107 = m. Let b = -33 + w. Is b a composite number?
True
Let t(g) = -g**3 + 14*g**2 + g - 11. Let x be t(14). Suppose x*r - 21 = -6. Suppose -622 = -4*h - 2*w, -69 = h + r*w - 211. Is h a prime number?
True
Suppose -o - 2*o = y - 840, -y = -3*o + 840. Suppose -l + 549 = -90. Let u = o + l. Is u prime?
True
Suppose 4*t - 248 + 8 = 0. Is 45/t - (-1778)/8 a composite number?
False
Let s = -19 + 17. Is -2 + -1 - s*1328 prime?
False
Suppose -118*f + 90491 = -101*f. Is f composite?
False
Let d be (0 - 1)/((-7)/11753) + -2. Suppose 5*j + 4*v = 2799, -2*j = j + 3*v - d. Is j a composite number?
False
Let k(n) = n**3 + 3*n**2 - 2*n + 1. Let f be k(-3). Let z be (-4)/f - (-2232)/(-63). Is z/60 - (-676)/10 composite?
False
Is 5951 - 0*6*5/30 composite?
True
Let s = 39 - 18. Suppose -u - 3*v = 2*u - 9, -4*u + 5*v + s = 0. Let g = 30 + u. Is g composite?
True
Suppose 0 = -4*k - 4*x, 0 = x + 2 + 3. Let b = 249 + -114. Suppose -178 - 92 = -5*g - d, -2*g + k*d = -b. Is g composite?
True
Let r = -22 - -16. Let d be (12/5)/(r/(-465)). Suppose a = -29 + d. Is a a prime number?
True
Suppose -83 - 29 = -2*k. Suppose 3*o - k = 379. Is o a prime number?
False
Let o be 1 - 9935/(-10)*2. Suppose -4*w + 951 + 649 = 4*h, 5*w + h = o. Is w a prime number?
True
Let g = 1729 - -1380. Is g prime?
True
Suppose -g = -5*q - 1386, 4*g + 4*q - 3260 = 2164. Is g a prime number?
True
Let p(o) = o**3 - 24*o**2 - 46*o + 41. Is p(30) composite?
True
Suppose 3*u - 9871 = -5*j, -5927 = -3*j - 87*u + 83*u. Is j a prime number?
True
Suppose 6*o + 3264 = 654. Let c = 698 + o. Is c a composite number?
False
Is ((-123804)/(-15))/4 + (-14)/35 a prime number?
True
Let l(v) = -v - 1. Let s be l(-3). Let g(b) = 7*b - 3 + 0 + s*b**2 + 1. Is g(9) a prime number?
True
Suppose 0 = -4*s - 4*g - 416, 3*g - 4*g + 104 = -s. Let a = s + 1761. Is a a prime number?
True
Let n be (-4)/12 + (-5486)/(-6). Let l = n - 629. Suppose -4*d + 0*d = -c + 95, -3*c + d + l = 0. Is c prime?
False
Let r(j) = -2*j + 4. Let y be r(2). Suppose y = 4*q - 233 - 1043. Is q a composite number?
True
Let o(y) = -y**2 - 6*y - 2. Let g be o(-5). Suppose -g = -4*s - 3*n, 3 = 3*s + 5*n - 2. Suppose 2*r = -s*r + 730. Is r a prime number?
False
Let q(x) = -x**2 + 5*x + 5. Let z be q(5). Let s(j) = j + 12. Let y be s(-7). Suppose -y*p - r + 1174 + 0 = 0, -z*p + 1171 = 4*r. Is p composite?
True
Let r(q) be the third derivative of -q**4/24 + 4*q**3/3 + 6*q**2. Let s be r(4). Suppose s*a - 8*a = -1268. Is a prime?
True
Let g = 7 + -2. Suppose 337 + 93 = g*z. Suppose t - z + 19 = 2*o, t + 5*o = 32. Is t prime?
False
Let q(j) = -259*j + 128. Is q(-29) composite?
False
Let o be (-6)/(-2)*(-12)/(-12). Suppose -4210 = -o*r - 2*r. Is r composite?
True
Let r = 131 + 60. Is r a prime number?
True
Let p be ((-3)/3)/((-1)/2158). Let j = -1457 + p. Is j a prime number?
True
Suppose 0 = 2*o - o - 2*i - 7, 4*i + 11 = 3*o. Is 11*3/(o/(-53)) a composite number?
True
Let d(z) = 2*z - 7. Let h be d(6). Suppose 11*a - 12*a - 4*x - 6 = 0, -8 = -3*a + x. Suppose -a*k + 838 = b - h*b, -3*b = 0. Is k composite?
False
Suppose -2*f + 5019 = -5*f - 3*q, f + 1685 = 3*q. Is f/10*5/(-2) composite?
False
Suppose -6 = 46*o - 44*o. Is (o/(-9))/((4/(-2))/(-18)) a composite number?
False
Let j be 2 - ((-2 - 0) + 4). Suppose j = -2*q + q + 149. Is q composite?
False
Suppose 0 = -7*h + 2*h. Suppose 255 + 145 = l - 5*a, 4*l + 3*a - 1646 = h. Suppose -2*m = -4*m + l. Is m a composite number?
True
Let k(w) = 4*w**2 - w. Let l be k(1). Suppose 3*v = a + 635, -2*v + l*a + 428 = -0*v. Is v prime?
True
Let c(z) = -z**2 + z + 3. Let r be c(0). Suppose -r*a - 1 - 11 = 0. Is -6 - a - (-642)/2 a composite number?
True
Suppose -2*p - 3*p - 2672 = -4*x, p = -2*x + 1350. Is x prime?
True
Suppose 5*z + 5*h = -10, 2*h - 1 = -3*z - 4. Let x be 6 + -6 + (-7)/z. Let v(b) = b**3 + 9*b**2 - 3*b - 6. Is v(x) prime?
True
Let x(u) = 21*u**2 - 14*u + 21. Let c be x(9). Let q = c + -131. Is q prime?
False
Suppose c + 6*a - 608 = 4*a, -a = 2*c - 1225. Is c prime?
False
Suppose 0 = -5*v - f + 20986 + 61804, 4*f = 20. Is v prime?
False
Suppose 0 = 2*j + 3*g + 517, 256 = -j - 4*g + 3*g. Suppose 185 = -4*q - 143. Let i = q - j. Is i composite?
True
Suppose -136390 = -7*w + 124423. Suppose -w = -6*g + 10795. Is g a composite number?
False
Let i(v) = v**3 - 6*v**2 + 7*v - 7. Let f be i(5). Suppose f*j - 233 = 2*z, -j - 4*z + 132 = 45. Is j a composite number?
False
Suppose 3*f = 2*g - 543494, 4*f - 1358735 = -5*g + 6*f. Is g a prime number?
False
Let a(q) = q**3 - 5*q**2 - 19*q - 7. Let p be a(9). Let c = 59 + p. Is c a composite number?
True
Let s = -93 - -93. Suppose s = -3*c + 3*g + 6192, 3*c - 4130 = c + 3*g. Is c prime?
False
Let k(j) = 25*j - 20. Let f be k(-14). Let d = f + 2891. Is d prime?
True
Suppose 0 = 3*c - q - 52, 10*c + 5*q = 7*c + 64. Let p(n) = 199*n**3 - 2*n**2 + n. Let i be p(-3). Is 4/(-6) - i/c a prime number?
False
Let k be (2 - -1)*(-4)/(-6). Let r be (-95)/(-10)*37*k. Suppose -352 = -5*m + r. Is m a composite number?
False
Is 3 + 1 + (6 - -25723) a prime number?
True
Let b(v) = -v**3 - 11*v**2 + 14*v + 17. Let w be b(-12). Let h be w/(-2 - -1) + -2. Suppose 4*a = 2*i - 162, i - h*i - 5*a + 337 = 0. Is i a prime number?
True
Is (1770/(-20))/(1/(-44)) + 4 a composite number?
True
Let v = -594 - -1531. Is v a composite number?
False
Let a be -313 + 3/(-6)*2. Let q = a + 473. Is q prime?
False
Suppose 264*b = 254*b + 1105090. Is b a prime number?
False
Let k = -63 + -7. Let s be 1626/7 + 20/k. Let m = -54 + s. Is m a prime number?
False
Let i(a) = -1 + 2*a - 3*a + 0*a**2 + 10*a**2 + 2. Let x be i(2). Let z = x + 120. Is z a composite number?
True
Let p(h) = -34*h**3 + 2*h**2 - 2*h - 2. Let t(u) = u - 14. Let o be t(12). Let q be p(o). Let j = -101 + q. Is j prime?
True
Is (-4)/(56/(-42))*5855/3 a composite number?
True
Let g be (-6)/9*(-3)/1. Suppose g = -0*b + 2*b. Is 2*b*(-5489)/(-22) a composite number?
False
Let i(z) = -z**3 - 4*z**2 + 7*z + 7. Let b be 96/36*(-3)/(-2). Let o be -1*b - (-20)/(-10). Is i(o) a prime number?
True
Let u = -1638 - -3607. Is u composite?
True
Suppose -8*x + 3 = -85. Is -586*(x/(-2) + 4) a prime number?
False
Let s be 1*-2 - (-7 + 6). Let m(l) = -3*l**3 - 2*l**2 - 2*l. Let o be m(s). Suppose o*t = 760 + 11. Is t prime?
True
Let n = -39682 + 8622. Is n/(-36) - (-2)/9 prime?
True
Is 9 - (27/(-3) + -29645) a composite number?
False
Let r = 25924 - 14069. Is r prime?
False
Let m(u) = -63*u**3 + 5*u**2 + 31*u + 51. Is m(-10) a prime number?
True
Suppose -5*p + 2 = 12. Is -4874*5/20*p a prime number?
True
Suppose 7*h + 63 = 7. Is (-506)/(-4) - 4/h a composite number?
False
Is (-1 + 5/15)/(18/(-2154627)) a composite number?
False
Let l(t) = t**3 - t**2 + 2*t. Let z be l(0). Is 539 + (z - 4)*1 prime?
False
Let g(f) = -1 - 2 + 2*f + 67*f**2 + 0*f. Is g(-4) a composite number?
False
Is (-6 + 20/3)/(4/59622) a prime number?
False
Let r(w) = w**3 + 7*w**2 + 8*w - 10. Let d be r(-5). Suppose 0 = -d*j + 8*j - 776. Is j a prime number?
True
Let h be (-3)/6 - 58/(-4). Suppose -4*i + 5*b + 36 = -4, b = 2*i - h. Suppose i*s - 3*s - 290 = 0. Is s prime?
False
Suppose 5*m + l = -l - 152, 3*l - 12 = 0. Is 925/3 + (m/(-12) - 4) a prime number?
True
Let a(z) = 1889*z + 1. Is a(5) prime?
False
Let f(h) = 28*h - 1. Suppose 3*g = 5*d + 14, g + 14 = 6*g + d. Suppose -2*n + n + 5*j = 17, 3*j - 21 = -g*n. Is f(n) prime?
True
Let k = 27 - 24. Let n(u) = -50*u + 47*u + 15*u**2 + 22 + k*u**3 - 2*u**3. Is n(-15) a prime number?
True
Let g = 32 - 29. Suppose g*j + 5*j - 2536 = 0. Is j composite?
False
Let k = 60 + -56. Suppose -7*p = -k*p - 1689. Is p composite?
False
Suppose 5*k - 28 = 2*w, -4*k + 5*w + 17 = -19. Suppose -7769 - 1039 = -k*y 